Suppose -4*p + 6 = 2*s, 3*p - 5*s = p + 33. Suppose p = -5*m + 9. What are the prime factors of 1494/4*(m + (-2)/6)?
3, 83
Let y be (4/10)/(1/3925). Let d = y - 18. What are the prime factors of d?
2, 97
Let z(l) be the third derivative of l**5/120 + 53*l**4/24 + 2*l**3 + 3*l**2. Let k(u) be the first derivative of z(u). What are the prime factors of k(-27)?
2, 13
Suppose 2 - 11 = -3*d. Suppose 0 = 3*v + 2*u + 1180, -2*v = 5*u - d*u + 786. List the prime factors of -1 - 4/(8/v).
2, 7
Let n(g) = -7 + 9 + 41*g + 3. List the prime factors of n(2).
3, 29
Let c(f) = -105*f**2 - 9*f + 22. Let u be c(4). Let d = -847 - u. List the prime factors of d.
7, 11
Let j = 149 + -144. Suppose 1266 = j*s + 81. Suppose 4*m - 4*f - 169 = 27, -5*m = 3*f - s. What are the prime factors of m?
2, 3
Let j(c) = -10*c**3 + c**2 - 2*c - 1. Let i(z) = 2*z**2 - 14*z - 13. Let v be i(8). Let u be j(v). List the prime factors of u/(-40)*8 - (-4)/10.
2, 3
Suppose 60312 = 13*b - 36863. List the prime factors of b.
5, 13, 23
Let n = -28 - -31. Suppose -n*c + 3 = 3. Suppose -8*f + 1069 - 405 = c. List the prime factors of f.
83
Let g be 48/(-120) - (-1577)/5. Let x = 718 - g. What are the prime factors of x?
13, 31
Let s = -132 - -93. List the prime factors of 6/(-9) + (-6188)/s.
2, 79
Let t(l) = 5*l + 7. Suppose 0 = p + 17 - 15. Let a be t(p). What are the prime factors of a/(-5) - (-2061)/15?
2, 3, 23
Let o(n) = -n**3 + 19*n**2 + 20*n - 6. Let c be o(20). Let y = c + 36. Let p = 53 - y. What are the prime factors of p?
23
Let r = -1392 - -35348. List the prime factors of r.
2, 13, 653
What are the prime factors of (-414815)/(-12) - ((-1147)/444)/31?
2, 29, 149
Let q(c) = 21*c - 19. Let y be -16*(6/(-4) + (-15)/(-12)). What are the prime factors of q(y)?
5, 13
List the prime factors of ((-118)/(-7) + 6/42)*(-7 - -159).
2, 17, 19
Suppose -13*v + 57812 - 26883 = -138331. What are the prime factors of v?
2, 3, 5, 7, 31
Let x(h) = -202*h + 2. Let m be x(1). Let j = m - -652. What are the prime factors of j?
2, 113
Suppose -258 = 4*s - 6. What are the prime factors of 2188/6 - (-42)/s?
2, 7, 13
Let o(p) = p**3 - 8*p**2 + 14*p - 6. Let r be o(6). List the prime factors of (-9 - 99)*((-15)/r + 1).
2, 3
Let l(m) = -2*m**2 - 28*m + 6. Let d be l(-14). Suppose -4*b + d*y + 1063 = y, -b + 264 = -3*y. List the prime factors of b.
3, 89
Suppose -5651 - 14245 = -4*i. Suppose -2*u = 4*u - i. List the prime factors of u.
829
Suppose 16*a - 61*a = 24*a - 2905866. List the prime factors of a.
2, 3, 7019
Suppose 10*x - 15*x + 25055 = 0. List the prime factors of x.
5011
What are the prime factors of 9030 - (-9 + 0)/(-9)?
9029
Let s(i) = 2062*i**2 - 51*i - 97. List the prime factors of s(-2).
3, 7, 131
List the prime factors of -64956*(26/(-2))/104*16/6.
2, 5413
Let d(w) = -w**3 + 2*w**2 - w + 16. Let o be d(0). List the prime factors of (-693)/(-12) + 4/o.
2, 29
Let t = -3149 - -44124. What are the prime factors of t?
5, 11, 149
Let z = -11751 + 38580. What are the prime factors of z?
3, 11, 271
Suppose 0 = 7*u - 3065 - 5335. Suppose 0 = 274*v - 279*v + u. What are the prime factors of v?
2, 3, 5
Suppose 91 = 5*o - 3*d - 39, 4*o - 2*d = 102. Suppose 0 = -o*s + 18*s + 15. Suppose l = -4*b + 410 + 3, -s*b + 3*l = -321. List the prime factors of b.
2, 13
Suppose 0 = t + 2*o - 2, 2*t + 3*o - 6 = -t. List the prime factors of (-1 + t)*(-1115)/(-1).
5, 223
Suppose 0 = -x + 3*j + 23121, 5*x = 13*j - 8*j + 115565. What are the prime factors of x?
3, 7703
Suppose -25*b + 72 = -22*b. Suppose b*o = 19*o + 2695. What are the prime factors of o?
7, 11
Let r be (-18)/(-30) + (-66)/(-15). Suppose 23 = -r*x - 17. Let q = x + 40. List the prime factors of q.
2
Let a = 14989 - -7048. What are the prime factors of a?
22037
Suppose 4*v + 4086 = -3*h + 30395, 19723 = 3*v + h. List the prime factors of v.
2, 31, 53
Suppose -q - 4*q = 0. Suppose 6*g - 3*g - 297 = q. Suppose 0 = 6*o - 423 + g. List the prime factors of o.
2, 3
Let h be 4*4/(-12)*-3. Let g be 10 - (1 - 2)/((-11)/(-22)). What are the prime factors of 1*141/g*h?
47
Suppose 39*a + 31*a = 66*a + 18280. List the prime factors of a.
2, 5, 457
Let i = 720 + -408. Let q = i + 162. Let o = q + -272. What are the prime factors of o?
2, 101
Suppose j + 250 = b, 538 - 32 = -2*j - b. Let y = j - -382. Suppose -4*z = -3*g + y, -7*g + 4*g + 140 = z. What are the prime factors of g?
2, 23
Suppose 103*y - 47365 = -4*k + 108*y, 23699 = 2*k + 3*y. What are the prime factors of k?
5, 23, 103
Let l(v) = -12*v - 22. Let i(d) be the third derivative of 11*d**4/24 + 23*d**3/6 + 21*d**2. Let g(k) = 2*i(k) + 3*l(k). What are the prime factors of g(-8)?
2, 23
Suppose 2*h - 50 = -2*c, -10*c = 3*h - 5*c - 81. Suppose v - h*v = -7308. What are the prime factors of v?
2, 3, 29
Let z(f) = 26*f**2 - 4*f - 8. Let q(c) = -27*c**2 + 4*c + 9. Let b(o) = -5*q(o) - 6*z(o). Let r be b(-1). What are the prime factors of 572/6 + r/(-33)?
2, 3
Suppose 432*a - 3*i - 28224 = 429*a, 0 = 3*a + 3*i - 28182. List the prime factors of a.
7, 17, 79
Suppose -43*i = -37512 - 586. What are the prime factors of i?
2, 443
Let g(y) = 95*y**2 + 11*y - 222. List the prime factors of g(-12).
2, 3, 2221
Suppose -5*x - 2*t = -87351, -14*x - 3*t = -11*x - 52407. List the prime factors of x.
17471
Suppose 211*m - 7525169 = -18*m - 0*m. What are the prime factors of m?
17, 1933
Let j = 5393 - 2504. Suppose -8*s + j = -3175. What are the prime factors of s?
2, 379
Let b(j) = j**3 - 7*j**2 - j - 7. Let h be b(7). Let w(r) = -r**3 + 4*r**2 - 4*r. Let y be w(3). List the prime factors of (h/4 - y)*-158.
79
Let q be (2 - 28/16)*132/3. Suppose -q*z = -4*z - 1638. List the prime factors of z.
2, 3, 13
Let m(o) = -159*o - 18. Let r be m(-2). List the prime factors of r - -4 - 8/2.
2, 3, 5
Let b(n) = -4*n**3 - 2*n**2 + 7*n + 46. Let i be b(-9). What are the prime factors of 3/(-9) - i/(-21)?
2, 5, 13
Let z(t) = 9*t - 16. Let b be z(2). List the prime factors of (b - 114/18)/(3/(-1116)).
2, 13, 31
Suppose 47 = -3*d + l + l, -l + 4 = 0. List the prime factors of (-944)/(-4) - (d - -6).
3
Let t = -899 - -633. Let a = 34 - t. Suppose 15*y + a = 19*y. List the prime factors of y.
3, 5
Let y be (-24)/(-9) - 20/(-15). Suppose 4*q + 5*a - 272 = a, -y*q + 3*a + 286 = 0. List the prime factors of (-2)/(-5) + 7602/q.
109
Let v = 38283 - 20567. List the prime factors of v.
2, 43, 103
Let t = -211 + 209. What are the prime factors of (4 + -2)/(0 + t/(-284))?
2, 71
Suppose 0 = -3*x - x + 24. Let w be -4 - -1 - x*(-3)/6. Suppose 4*r - 3*y - 104 = w, -2*r - 5*y + 4*y = -42. List the prime factors of r.
23
Suppose 0 = -5*j - 23 + 143. Let g = 28 - j. Suppose 156 = -m + g*m. List the prime factors of m.
2, 13
Suppose -3*a = 3*w - 2910, 1294 = -4*w - a + 5189. Suppose -171 = 2*b - w. What are the prime factors of b?
2, 3, 67
Let f = 661 + 478. What are the prime factors of f?
17, 67
Suppose -7*t + 178 = 178. List the prime factors of (t + (-336)/(-6))*43/4.
2, 7, 43
Suppose -3*k - 14622 = 5*o - 2*o, 5*k = 5*o + 24350. Let a = o - 129. What are the prime factors of 5/(225/(-6)) - a/45?
3, 37
Suppose 3*f - 26 = -38. Let l be f/(-16) + (-42)/(-24). Suppose l*d - 6 = 16. List the prime factors of d.
11
Let d(q) = q**3 - 5*q**2 + 2*q + 20. Let f be d(6). Suppose -2*t + f = -220. What are the prime factors of 2 - (t/(-2) - -3)?
71
Suppose 0 = -2*z - 4, 4 - 19 = -3*m + 3*z. Suppose m*g - q - 1865 = 0, -2*g = -4*q + 280 - 1520. What are the prime factors of g?
2, 311
Suppose 4*k - 1426 = 3*c, 2*c + 3*k + 466 = -479. What are the prime factors of c/9*(-19 - -7)?
2, 79
Let r(i) = 24*i**3 + 2*i + 1. Let g be r(2). Suppose -5*k + 2*l = -487, -k + 3*k = 3*l + g. List the prime factors of k.
97
Let w = -63 - -67. Let k be -130*(36/(-8) + w). Let b = k - -25. List the prime factors of b.
2, 3, 5
Let d = 1362 - 851. Let s = d - 403. List the prime factors of s.
2, 3
Let p = 5871 - -3048. Suppose 30*x - 1791 = p. List the prime factors of x.
3, 7, 17
Let y(t) be the second derivative of 5*t**4/4 + 5*t**3/6 - 10*t**2 + 56*t - 1. List the prime factors of y(-6).
2, 5, 7
Suppose 31*y = 52*y + 84. List the prime factors of (-3)/15 - (y - (-18402)/(-10)).
2, 461
Let d be 5 + ((-24)/84 - (-1886)/(-14)). What are the prime factors of d + 127 + 46*(-74)/(-4)?
2, 5